{"id":154,"date":"2024-11-15T00:19:33","date_gmt":"2024-11-15T00:19:33","guid":{"rendered":"https:\/\/www.motokomerc.com\/?page_id=154"},"modified":"2026-02-13T23:36:44","modified_gmt":"2026-02-13T23:36:44","slug":"impresum","status":"publish","type":"page","link":"https:\/\/www.motokomerc.com\/index.php\/impresum\/","title":{"rendered":"Impresum"},"content":{"rendered":"\n<p><strong>Direktor sadr\u017eaja<\/strong><br>Ivan Selakovi\u0107, generalni direktor, CEO<br><a href=\"mailto:ivan.selakovic@motokomerc.com\">ivan.selakovic@motokomerc.com<\/a><\/p>\n\n\n\n<p><strong>Fotografije i grafi\u010dka re\u0161enja<\/strong><br>Aleksandar Avramovi\u0107<br><a href=\"mailto:bucapedja@gmail.com\">bucapedja@gmail.com<\/a><\/p>\n\n\n\n<p><strong>Digitalizacija arhive<\/strong><br>VHS PLAY<br><a href=\"http:\/\/vhsplay.rs\" data-type=\"link\" data-id=\"vhsplay.rs\" target=\"_blank\" rel=\"noopener\">vhsplay.rs<\/a><\/p>\n\n\n\n<p><strong>Administrator sistema<\/strong><br>Nikola Ili\u0107<br><a href=\"mailto:ilovacic@gmail.com\">ilovacic@gmail.com<\/a> <\/p>\n\n\n\n<p><strong>Web developer<\/strong><br>Darko Li\u0161anin<br>lisanindarko@gmail.com<\/p>\n\n\n\n<p><strong>WordPress<\/strong><br>Milica Milakovic<br>miicava014@gmail.com<br><\/p>\n\n\n\n<p><strong>Sistemska administracija<\/strong><br>Filip Selakovi\u0107<br><a href=\"mailto:filip.selakovic@motokomerc.com\">filip.selakovic@motokomerc.com<\/a><\/p>\n\n\n\n<p><strong>Hosting \/ serveri<br><\/strong><a href=\"https:\/\/beohosting.com\/\" data-type=\"link\" data-id=\"www.oriontelekom.rs\" target=\"_blank\" rel=\"noopener\">BeoHosting Group DOO Beograd<\/a><\/p>\n\n\n\n<p><\/p>\n","protected":false},"excerpt":{"rendered":"<p>Direktor sadr\u017eajaIvan Selakovi\u0107, generalni direktor, CEOivan.selakovic@motokomerc.com Fotografije i grafi\u010dka re\u0161enjaAleksandar Avramovi\u0107bucapedja@gmail.com Digitalizacija arhiveVHS PLAYvhsplay.rs Administrator sistemaNikola Ili\u0107ilovacic@gmail.com Web developerDarko Li\u0161aninlisanindarko@gmail.com WordPressMilica Milakovicmiicava014@gmail.com Sistemska administracijaFilip Selakovi\u0107filip.selakovic@motokomerc.com Hosting \/ serveriBeoHosting Group DOO Beograd<\/p>\n","protected":false},"author":1,"featured_media":0,"parent":0,"menu_order":0,"comment_status":"closed","ping_status":"closed","template":"","meta":{"footnotes":""},"folder":[],"class_list":["post-154","page","type-page","status-publish","hentry"],"_links":{"self":[{"href":"https:\/\/www.motokomerc.com\/index.php\/wp-json\/wp\/v2\/pages\/154","targetHints":{"allow":["GET"]}}],"collection":[{"href":"https:\/\/www.motokomerc.com\/index.php\/wp-json\/wp\/v2\/pages"}],"about":[{"href":"https:\/\/www.motokomerc.com\/index.php\/wp-json\/wp\/v2\/types\/page"}],"author":[{"embeddable":true,"href":"https:\/\/www.motokomerc.com\/index.php\/wp-json\/wp\/v2\/users\/1"}],"replies":[{"embeddable":true,"href":"https:\/\/www.motokomerc.com\/index.php\/wp-json\/wp\/v2\/comments?post=154"}],"version-history":[{"count":1,"href":"https:\/\/www.motokomerc.com\/index.php\/wp-json\/wp\/v2\/pages\/154\/revisions"}],"predecessor-version":[{"id":984,"href":"https:\/\/www.motokomerc.com\/index.php\/wp-json\/wp\/v2\/pages\/154\/revisions\/984"}],"wp:attachment":[{"href":"https:\/\/www.motokomerc.com\/index.php\/wp-json\/wp\/v2\/media?parent=154"}],"wp:term":[{"taxonomy":"folder","embeddable":true,"href":"https:\/\/www.motokomerc.com\/index.php\/wp-json\/wp\/v2\/folder?post=154"}],"curies":[{"name":"wp","href":"https:\/\/api.w.org\/{rel}","templated":true}]}}