{"id":483,"date":"2024-12-08T16:46:17","date_gmt":"2024-12-08T16:46:17","guid":{"rendered":"https:\/\/www.motokomerc.com\/?post_type=product&#038;p=483"},"modified":"2024-12-20T11:49:37","modified_gmt":"2024-12-20T11:49:37","slug":"rgt-10","status":"publish","type":"product","link":"https:\/\/www.motokomerc.com\/index.php\/product\/rgt-10\/","title":{"rendered":"RGT 10"},"content":{"rendered":"<p>RGT-10 hidro-pneumatska presa slu\u017ei za zamenu i nitovanje nitni na ko\u010dionim oblogama svih tipova te\u0161kih i lakih vozila. Masivna \u010deli\u010dna struktura daje kvalitet i \u010dvrsto\u0107u celoj ma\u0161ini. Ma\u0161ina, zahvaljuju\u0107i pritisku klipa, obezbe\u0111uje mo\u0107an i tih rad po\u0161tuju\u0107i sve bezbednosne norme.<\/p>\n<p>U skladu sa bezbednosnim normama i kompaktnosti ma\u0161ine, pedala je ugra\u0111ena u postolje ma\u0161ine. Donji suport ma\u0161ine je podesiv po visini, zahvaljuju\u0107i navojnom vretenu obezbe\u0111uje brzo i jednostavno pode\u0161avanje visine.<\/p>\n<p>Alat u standarnom priboru pokriva sve tipove ko\u010dionih obloga.<\/p>\n","protected":false},"excerpt":{"rendered":"<p>Hidro-pneumatska presa za nitovanje ko\u010dionih obloga<\/p>\n","protected":false},"featured_media":484,"template":"","meta":[],"product_brand":[],"product_cat":[18],"product_tag":[],"class_list":{"0":"post-483","1":"product","2":"type-product","3":"status-publish","4":"has-post-thumbnail","6":"product_cat-grupa-kocnica","8":"first","9":"instock","10":"taxable","11":"shipping-taxable","12":"product-type-simple"},"_links":{"self":[{"href":"https:\/\/www.motokomerc.com\/index.php\/wp-json\/wp\/v2\/product\/483","targetHints":{"allow":["GET"]}}],"collection":[{"href":"https:\/\/www.motokomerc.com\/index.php\/wp-json\/wp\/v2\/product"}],"about":[{"href":"https:\/\/www.motokomerc.com\/index.php\/wp-json\/wp\/v2\/types\/product"}],"wp:featuredmedia":[{"embeddable":true,"href":"https:\/\/www.motokomerc.com\/index.php\/wp-json\/wp\/v2\/media\/484"}],"wp:attachment":[{"href":"https:\/\/www.motokomerc.com\/index.php\/wp-json\/wp\/v2\/media?parent=483"}],"wp:term":[{"taxonomy":"product_brand","embeddable":true,"href":"https:\/\/www.motokomerc.com\/index.php\/wp-json\/wp\/v2\/product_brand?post=483"},{"taxonomy":"product_cat","embeddable":true,"href":"https:\/\/www.motokomerc.com\/index.php\/wp-json\/wp\/v2\/product_cat?post=483"},{"taxonomy":"product_tag","embeddable":true,"href":"https:\/\/www.motokomerc.com\/index.php\/wp-json\/wp\/v2\/product_tag?post=483"}],"curies":[{"name":"wp","href":"https:\/\/api.w.org\/{rel}","templated":true}]}}