{"id":490,"date":"2024-12-08T16:57:14","date_gmt":"2024-12-08T16:57:14","guid":{"rendered":"https:\/\/www.motokomerc.com\/?post_type=product&#038;p=490"},"modified":"2024-12-21T13:55:58","modified_gmt":"2024-12-21T13:55:58","slug":"prc-2400","status":"publish","type":"product","link":"https:\/\/www.motokomerc.com\/index.php\/product\/prc-2400\/","title":{"rendered":"PRC 2400"},"content":{"rendered":"<p>Ma\u0161ina model PRC 2400 je dizajnirana i proizvedena za ispravljanje svih vrsta \u010deli\u010dnih, aluminijumskih i ostalih felni pre\u010dnika od 10\u2033 \u2013 22\u2033. Princip rada je baziran na hidrauli\u010dnom cilindru koji se jednostavno pozicionira na o\u0161te\u0107eni deo felne i koji te\u017ei da o\u0161te\u0107eni deo felne vrati u prvobitno stanje. Operaciju ispravljanja felne olak\u0161ava set dodatnih alata koji omogu\u0107avaju da cilindar perfektno nalegne na felne razli\u010ditih profila. Hidrauli\u010dni cilindar poseduje regulator pritiska kojim se omogu\u0107ava pove\u0107anje odnosno smanjenje sile delovanja cilindra u zavisnosti od materijala i vrste felne.<br \/>\nPRC-2400 je izvedena tako da mo\u017ee da radi i kao strug za obradu felni.<\/p>\n","protected":false},"excerpt":{"rendered":"<p>Ma\u0161ina za ispravljanje i obradu felni<\/p>\n","protected":false},"featured_media":491,"template":"","meta":[],"product_brand":[],"product_cat":[24],"product_tag":[],"class_list":{"0":"post-490","1":"product","2":"type-product","3":"status-publish","4":"has-post-thumbnail","6":"product_cat-drugo","8":"first","9":"instock","10":"taxable","11":"shipping-taxable","12":"product-type-simple"},"_links":{"self":[{"href":"https:\/\/www.motokomerc.com\/index.php\/wp-json\/wp\/v2\/product\/490","targetHints":{"allow":["GET"]}}],"collection":[{"href":"https:\/\/www.motokomerc.com\/index.php\/wp-json\/wp\/v2\/product"}],"about":[{"href":"https:\/\/www.motokomerc.com\/index.php\/wp-json\/wp\/v2\/types\/product"}],"wp:featuredmedia":[{"embeddable":true,"href":"https:\/\/www.motokomerc.com\/index.php\/wp-json\/wp\/v2\/media\/491"}],"wp:attachment":[{"href":"https:\/\/www.motokomerc.com\/index.php\/wp-json\/wp\/v2\/media?parent=490"}],"wp:term":[{"taxonomy":"product_brand","embeddable":true,"href":"https:\/\/www.motokomerc.com\/index.php\/wp-json\/wp\/v2\/product_brand?post=490"},{"taxonomy":"product_cat","embeddable":true,"href":"https:\/\/www.motokomerc.com\/index.php\/wp-json\/wp\/v2\/product_cat?post=490"},{"taxonomy":"product_tag","embeddable":true,"href":"https:\/\/www.motokomerc.com\/index.php\/wp-json\/wp\/v2\/product_tag?post=490"}],"curies":[{"name":"wp","href":"https:\/\/api.w.org\/{rel}","templated":true}]}}