{"id":502,"date":"2024-12-08T17:08:45","date_gmt":"2024-12-08T17:08:45","guid":{"rendered":"https:\/\/www.motokomerc.com\/?post_type=product&#038;p=502"},"modified":"2025-07-12T23:49:45","modified_gmt":"2025-07-12T23:49:45","slug":"vgp-1200","status":"publish","type":"product","link":"https:\/\/www.motokomerc.com\/index.php\/product\/vgp-1200\/","title":{"rendered":"VGP 1200"},"content":{"rendered":"<p>Ma\u0161ina je namenjena za jednostavnu, brzu i sigurnu zamenu vo\u0111ica ventila kao i monta\u017eu i demonta\u017eu opruge ventila. Rad se bazira na hidrauli\u010dnom cilindru koji preko alata razli\u010ditih oblika i dimenzija vr\u0161i pritisak na vo\u0111icu i istiskuje je van.<br \/>\nStandardni pribor uklju\u010duje set alata za nabijanje i izbijanje vo\u0111ica, kao i alata za potiskivanje opruge.<\/p>\n","protected":false},"excerpt":{"rendered":"<p>Ma\u0161ina za zamenu vo\u0111ica ventila<\/p>\n","protected":false},"featured_media":503,"template":"","meta":[],"product_brand":[],"product_cat":[19],"product_tag":[],"class_list":{"0":"post-502","1":"product","2":"type-product","3":"status-publish","4":"has-post-thumbnail","6":"product_cat-motorna-grupa","8":"first","9":"instock","10":"taxable","11":"shipping-taxable","12":"product-type-simple"},"_links":{"self":[{"href":"https:\/\/www.motokomerc.com\/index.php\/wp-json\/wp\/v2\/product\/502","targetHints":{"allow":["GET"]}}],"collection":[{"href":"https:\/\/www.motokomerc.com\/index.php\/wp-json\/wp\/v2\/product"}],"about":[{"href":"https:\/\/www.motokomerc.com\/index.php\/wp-json\/wp\/v2\/types\/product"}],"wp:featuredmedia":[{"embeddable":true,"href":"https:\/\/www.motokomerc.com\/index.php\/wp-json\/wp\/v2\/media\/503"}],"wp:attachment":[{"href":"https:\/\/www.motokomerc.com\/index.php\/wp-json\/wp\/v2\/media?parent=502"}],"wp:term":[{"taxonomy":"product_brand","embeddable":true,"href":"https:\/\/www.motokomerc.com\/index.php\/wp-json\/wp\/v2\/product_brand?post=502"},{"taxonomy":"product_cat","embeddable":true,"href":"https:\/\/www.motokomerc.com\/index.php\/wp-json\/wp\/v2\/product_cat?post=502"},{"taxonomy":"product_tag","embeddable":true,"href":"https:\/\/www.motokomerc.com\/index.php\/wp-json\/wp\/v2\/product_tag?post=502"}],"curies":[{"name":"wp","href":"https:\/\/api.w.org\/{rel}","templated":true}]}}